3*v + 282, -4*k + 2*v + 332 = -240. Suppose -3*x - j + 217 = 2*x, -4*j = -3*x + k. Suppose 3*a = x + 61. List the prime factors of a.
5, 7
Let q(x) = x**3 - 3*x**2 - x - 2. Let y be q(4). List the prime factors of 93 - ((-5)/1 + y).
2, 11
Let g(b) = -32*b**3 + b. Let a be g(1). Let l be (-21)/63 + (-424)/6 + 1. Let m = a - l. What are the prime factors of m?
3, 13
Let o(q) = -6*q + 7. Let a be o(2). What are the prime factors of a + (-556)/(-6) - (-2)/(-3)?
3, 29
Let x(r) = 15*r**2 - 5*r - 31. List the prime factors of x(-6).
7, 11
List the prime factors of -26 - -29 - (-2416)/2.
7, 173
Let b = -32 - -28. List the prime factors of 161*(52/(-14) - b).
2, 23
Let n be (3 - 2 - -1) + 14. Let s = -6 + n. What are the prime factors of s?
2, 5
Suppose -1264 = -11*v + 3*v. List the prime factors of v.
2, 79
Let j(x) = -658*x + 65. List the prime factors of j(-3).
2039
Let y = 16766 - 11788. List the prime factors of y.
2, 19, 131
Suppose 0 = -i + 7 + 21. What are the prime factors of i?
2, 7
Let w(u) = -2*u - 8. Let r be w(-6). Suppose 4*m - 18 = -2*d, -r*m = -0*d - 2*d + 2. Suppose 84 = d*j - 81. What are the prime factors of j?
3, 11
Let x be (-7)/(7/33)*-51. Let h = x - 3453. What are the prime factors of (-2)/(-9) + h/(-54)?
3, 11
What are the prime factors of -5 + (-7 + 14 - -1020)?
2, 7, 73
Suppose -18 = -3*c - 0*c + 3*s, 16 = 2*c - 3*s. Suppose -39 = -c*x + 7. List the prime factors of x.
23
Let x be 3 + -1 + 1 + 2. Suppose 3*t = -5*g + 19, -x*g = -0*t + 2*t - 16. Suppose 3*o + 5*i - 29 = g*o, -2*o = i - 40. List the prime factors of o.
19
Let j(f) be the first derivative of -f**3/3 + 7*f**2 - 10*f + 1. Let p(k) = 6*k - 29. Let z be p(7). What are the prime factors of j(z)?
3
Suppose 2*t = -b + 19, -4*t + 3*t = 1. Let y = b - 4. What are the prime factors of y?
17
Suppose -5*k = -2*l - 8 + 96, -l + 5*k + 39 = 0. Suppose 93 = 5*j + 2*p - l, -p + 85 = 3*j. List the prime factors of j.
2, 7
Suppose 2*t = 3*t - 5. Suppose -2*n = -6 - 8. Suppose -3 - n = -u - 4*r, -2*u - t*r = -14. List the prime factors of u.
2
Suppose -d + 45 = 4*d - 3*m, -3*m = 15. Suppose -d = -3*y + 3. Suppose 2*g - 1 - y = 0. List the prime factors of g.
2
Suppose 2*o + 4 = 2*r, -5*r = -o - r + 1. Let v be (-47)/o + (-4)/6. What are the prime factors of (310/v)/(-2)*-3?
31
Let y(v) = -146*v + 107. What are the prime factors of y(-1)?
11, 23
Suppose -2*z = 4*q - 416, 17*z = 22*z - 3*q - 1079. List the prime factors of z.
2, 107
Let j(o) = -2*o**3 + 33*o**2 + 24*o + 18. List the prime factors of j(13).
17, 89
Let c(n) = n**3 - 15*n**2 + 9*n - 17. List the prime factors of c(16).
383
What are the prime factors of (-3)/5 - 13544/60*-9?
3, 677
Let d(w) = 131*w**2 + 40*w + 195. What are the prime factors of d(-6)?
3, 173
What are the prime factors of 3968/512*(-3)/((-6)/248)?
31
Suppose 4*t + t + 3942 = 3*k, 2346 = -3*t - 3*k. Let u = -513 - t. List the prime factors of u.
3, 7, 13
Let m(v) be the first derivative of -v**2/2 - 3*v - 6. Let q be m(-6). Suppose 3*c - 95 = -2*z, -q*c - 4*z + 85 = -0. What are the prime factors of c?
5, 7
Let w be 7*(48/21 + -2). Suppose 0 = -s - 2*t - 3*t + 23, 18 = w*s + 3*t. Suppose -s = 4*l - 83. What are the prime factors of l?
2, 5
Let x be (-286)/(-3)*(-42)/(-28). What are the prime factors of 271 - (x/66 - 2/12)?
269
Let p be 0 + (1 + 7)/4. Let k(c) = p*c - 7*c + 3*c. List the prime factors of k(-7).
2, 7
Suppose -26*d + 28*d = 210. Let f = d + 14. What are the prime factors of f?
7, 17
Suppose 13*g - 5328 = 1731. List the prime factors of g.
3, 181
Suppose 0 = 4*q + 4*p - 4, p + 2*p = 6. What are the prime factors of (q - 0)/(4/(-1160))?
2, 5, 29
Suppose a + 2 = -3*x + 633, 2*x + 3*a - 409 = 0. What are the prime factors of x?
2, 53
Suppose -2*z = r - 3053, 4*z - 171*r = -176*r + 6121. What are the prime factors of z?
2, 3, 127
List the prime factors of ((-434)/1)/((-86)/301).
7, 31
Suppose 3*z = 0, 0 = g - 3*g + 2*z + 4. What are the prime factors of (g - 1) + (1 + 23)*1?
5
Let y(l) = 2*l**3 - 6*l**2 + 8*l - 84. What are the prime factors of y(10)?
2, 349
Let q(y) = 12*y**2 + 4*y + 1. Let s be q(2). Let x = s + -42. List the prime factors of x.
3, 5
Let u(a) = 29 + 5*a + 2*a**2 + 7*a**2 - 31. Let r(k) = 8*k**2 + 4*k - 2. Let x(o) = 5*r(o) - 4*u(o). What are the prime factors of x(2)?
2, 7
Let t(v) = -2*v**3 - 9*v**2 + 10*v + 18. What are the prime factors of t(-9)?
3, 73
Suppose -u + 15 = -4*g, -4*u + 5*g + 24 = -u. Suppose 0 = -u*c + 119 + 94. List the prime factors of c.
71
List the prime factors of ((-6)/1)/(9/(-60)).
2, 5
Suppose 12 = 4*o - 2*o. Let s(w) = -w**3 + 13*w**2 + 3. Let b(q) = -q**3 + 14*q**2 + q + 4. Let p(t) = -5*b(t) + 6*s(t). What are the prime factors of p(o)?
2, 5
Suppose 0 = 18*t - 9589 - 18527. What are the prime factors of t?
2, 11, 71
Let r(n) = -n**3 + 5*n**2 - 4*n - 2. Let p be r(3). Suppose 4*g + d = 177, -p*g + 168 = 5*d - d. List the prime factors of g.
3, 5
Suppose 4*f = -0*f + 20. Let d(l) = 2 + f*l + 3 - 4. List the prime factors of d(2).
11
Let m = -16 + 6. Let h be (m/25)/(1/(-15)). What are the prime factors of 16/(((-9)/h)/(-3))?
2
Let m(o) = -o**2 - 8*o + 6. Suppose -3*v = 5*q + 46, 0*q + 3*v = 4*q + 26. List the prime factors of m(q).
2, 3
Suppose 11 = -5*i - 169. Let x = i + 53. Suppose x = a + 5*v, -v + 16 = a - 1. List the prime factors of a.
17
Suppose 4 = -2*c + c + 3*a, -3*a - 16 = -5*c. Suppose 168 = c*w - 387. List the prime factors of w.
3, 37
Let q = -2 + 5. Suppose -4*l + 9 = -q*l. Suppose -l*n = 97 - 646. List the prime factors of n.
61
What are the prime factors of (2 - -1) + 1175/1?
2, 19, 31
Let r(h) = 7*h + 39. Let y(q) = 3*q + 14. Let b(z) = 3*r(z) - 8*y(z). Let f be ((-2)/3)/((-2)/(-6)). List the prime factors of b(f).
11
Let q(n) = 4*n**2 - 23*n - 31. Let y be q(7). Suppose 0 = 8*v - 4*v + 184. List the prime factors of 2/((-188)/v - y).
23
Suppose 0 = 2*t - u - 3063, 0*t + t = 2*u + 1539. List the prime factors of t.
11, 139
Let l(s) = s**2 - 12*s - 7. Let u be l(13). Suppose -377 = -u*x + 397. List the prime factors of x.
3, 43
List the prime factors of (-2)/(-4)*-1 - (-87390)/180.
5, 97
Suppose 315 = 5*l - 865. Let w = l - 127. What are the prime factors of w?
109
Let c(y) = 14*y**3 + y**2 + 8*y - 27. List the prime factors of c(6).
3, 13, 79
Suppose 3*m + k = -k + 111, -2*k = 6. Suppose -30 = -2*d + 2*a, 8 = 3*d - 4*a - m. Let w = 29 + d. What are the prime factors of w?
2, 3, 7
Suppose -340 - 32 = -4*i. What are the prime factors of i?
3, 31
Suppose 52*f = -32*f + 44604. List the prime factors of f.
3, 59
List the prime factors of (-1022)/(-146) - 115*-13.
2, 751
Suppose b = -2*q + 951, 4*q = 3*b + 2*b + 1909. What are the prime factors of q?
2, 7, 17
Let s = 34 + -40. List the prime factors of 30/s*-2*10.
2, 5
Let i(p) = 3*p**2 + 32*p + 74. List the prime factors of i(16).
2, 677
Suppose 0 = -7*d - 364 + 126. Let s = 68 + d. List the prime factors of s.
2, 17
Suppose 4 = -3*j + 10. Suppose 3*y + 4*u - 2*u = -13, 8 = -4*y + j*u. Let g = y + 35. What are the prime factors of g?
2
Let z be (6*66)/(-3) - (0 + -3). Let g = z - -332. List the prime factors of g.
7, 29
Let t(s) = -7*s**2 + 4 - s**3 + 0*s**3 - 10. Let a be t(-7). What are the prime factors of (4/a)/((-2)/24)?
2
Let z(d) = d**3 - 5*d**2 + 3*d + 4. Let a be z(4). Suppose -v + 5*k + 1 = -0*k, a = -3*v - 4*k + 3. Suppose 20 + v = r. List the prime factors of r.
3, 7
Let o = 142 - 240. Let h = 179 + o. List the prime factors of h.
3
Let d(l) = 3*l + 4. Let t be d(3). Let s = -6 + t. List the prime factors of s.
7
Let v be (-10)/(-30) - (-2)/(-6). Suppose 0 = -s - v + 15. Suppose 0 = 2*u - c - 7 - 3, 3*u - s = c. What are the prime factors of u?
5
Let f(c) = 5*c + 17. Let o(u) = 36*u + 120. Let n(r) = -15*f(r) + 2*o(r). Let m be n(-7). Suppose -2 = -m*v + 16. List the prime factors of v.
3
Let h = -914 + 1574. List the prime factors of h.
2, 3, 5, 11
Suppose b + 4*r = 11 + 3, -4*r + 20 = 4*b. Let w be (-4)/((b - 3)*1). Suppose -5*k = -2*t - 27, -5*k - w*t - t + 20 = 0. What are the prime factors of k?
5
Suppose 5*i + 3 = 13. Suppose 4*w + 21 = 5*q, i*w + 0*w = -5*q + 27. Suppose -4*m + q*j = -1 - 111, -5*m + 2*j = -123. What are the prime factors of m?
23
Let p = 81 - 42. Let l be (p - -2)/(1/2). Suppose 0 = 4*t + 2*f - l,